{"id":713,"date":"2016-03-10T17:59:30","date_gmt":"2016-03-10T16:59:30","guid":{"rendered":"http:\/\/cds64.org\/WordPress3\/?page_id=713"},"modified":"2023-01-21T10:06:58","modified_gmt":"2023-01-21T09:06:58","slug":"rigalou","status":"publish","type":"page","link":"https:\/\/cds64.org\/WordPress3\/les-clubs-du-departement\/rigalou\/","title":{"rendered":"Rigalou"},"content":{"rendered":"<p>Bas\u00e9 \u00e0 GAN &#8211; 64290, Rigalou est un club \u00e0 dominante\u00a0canyon.<\/p>\n<p>Pr\u00e9sident : Samuel MAYSONNAVE<\/p>\n<p>T\u00e9l\u00e9phone : 06 45 54 81 75<\/p>\n<p>E-mail : <a href=\"mailto:rigalou.ffs@gmail.com\" target=\"_blank\" rel=\"noopener\">rigalou.ffs@gmail.com<\/a><\/p>\n<p>&nbsp;<\/p>\n","protected":false},"excerpt":{"rendered":"<p>Bas\u00e9 \u00e0 GAN &#8211; 64290, Rigalou est un club \u00e0 dominante\u00a0canyon. Pr\u00e9sident : Samuel MAYSONNAVE T\u00e9l\u00e9phone : 06 45 54 \u2026 <a class=\"continue-reading-link\" href=\"https:\/\/cds64.org\/WordPress3\/les-clubs-du-departement\/rigalou\/\">Lire la suite <span class=\"meta-nav\">&rarr; <\/span><\/a><\/p>\n","protected":false},"author":1,"featured_media":0,"parent":162,"menu_order":9,"comment_status":"closed","ping_status":"closed","template":"","meta":{"footnotes":""},"class_list":["post-713","page","type-page","status-publish","hentry"],"_links":{"self":[{"href":"https:\/\/cds64.org\/WordPress3\/wp-json\/wp\/v2\/pages\/713","targetHints":{"allow":["GET"]}}],"collection":[{"href":"https:\/\/cds64.org\/WordPress3\/wp-json\/wp\/v2\/pages"}],"about":[{"href":"https:\/\/cds64.org\/WordPress3\/wp-json\/wp\/v2\/types\/page"}],"author":[{"embeddable":true,"href":"https:\/\/cds64.org\/WordPress3\/wp-json\/wp\/v2\/users\/1"}],"replies":[{"embeddable":true,"href":"https:\/\/cds64.org\/WordPress3\/wp-json\/wp\/v2\/comments?post=713"}],"version-history":[{"count":4,"href":"https:\/\/cds64.org\/WordPress3\/wp-json\/wp\/v2\/pages\/713\/revisions"}],"predecessor-version":[{"id":2079,"href":"https:\/\/cds64.org\/WordPress3\/wp-json\/wp\/v2\/pages\/713\/revisions\/2079"}],"up":[{"embeddable":true,"href":"https:\/\/cds64.org\/WordPress3\/wp-json\/wp\/v2\/pages\/162"}],"wp:attachment":[{"href":"https:\/\/cds64.org\/WordPress3\/wp-json\/wp\/v2\/media?parent=713"}],"curies":[{"name":"wp","href":"https:\/\/api.w.org\/{rel}","templated":true}]}}