{"id":24,"date":"2014-03-20T11:30:01","date_gmt":"2014-03-20T10:30:01","guid":{"rendered":"http:\/\/cds64.org\/WordPress3\/?page_id=24"},"modified":"2024-09-14T17:52:57","modified_gmt":"2024-09-14T15:52:57","slug":"presentation","status":"publish","type":"page","link":"https:\/\/cds64.org\/WordPress3\/presentation\/","title":{"rendered":"Pr\u00e9sentation du CDSC 64"},"content":{"rendered":"<div style=\"text-align: center;\" align=\"justify\"><\/div>\n<div align=\"justify\">\n<table border=\"0\" width=\"740\" align=\"center\">\n<tbody>\n<tr>\n<td style=\"text-align: center;\">\n<p style=\"text-align: left;\" align=\"justify\"><b>Le Comit\u00e9 D\u00e9partemental de Sp\u00e9l\u00e9ologie et de Canyonisme des Pyr\u00e9n\u00e9es-Atlantiques, c\u2019est :<\/b><\/p>\n<ul>\n<li><strong>Quasi 200 licenci\u00e9s<\/strong> r\u00e9partis dans 9 clubs.<a href=\"http:\/\/cds64.org\/WordPress3\/wp-content\/uploads\/2021\/11\/favicon.png\"><img loading=\"lazy\" decoding=\"async\" class=\"wp-image-1868 size-medium alignright\" src=\"http:\/\/cds64.org\/WordPress3\/wp-content\/uploads\/2021\/11\/favicon-300x300.png\" alt=\"\" width=\"300\" height=\"300\" srcset=\"https:\/\/cds64.org\/WordPress3\/wp-content\/uploads\/2021\/11\/favicon-300x300.png 300w, https:\/\/cds64.org\/WordPress3\/wp-content\/uploads\/2021\/11\/favicon-150x150.png 150w, https:\/\/cds64.org\/WordPress3\/wp-content\/uploads\/2021\/11\/favicon-100x100.png 100w, https:\/\/cds64.org\/WordPress3\/wp-content\/uploads\/2021\/11\/favicon.png 512w\" sizes=\"auto, (max-width: 300px) 100vw, 300px\" \/><\/a><\/li>\n<li><span style=\"text-align: center;\">Pr\u00e8s de <strong>5 000 cavit\u00e9s<\/strong> et <strong>75 canyons<\/strong> recens\u00e9es sur le d\u00e9partement.<\/span><\/li>\n<li><span style=\"text-align: center;\">Des b\u00e9n\u00e9voles<strong> experts du monde souterrain\u00a0<\/strong>(G\u00e9ologie, arch\u00e9ologie,\u00a0<\/span><span style=\"text-align: center;\">topographie, bio-sp\u00e9l\u00e9ologie, arch\u00e9ologie, mines, \u2026).<\/span><\/li>\n<li><span style=\"text-align: center;\">Une \u00e9quipe de<strong> cadres dipl\u00f4m\u00e9s<\/strong> en sp\u00e9l\u00e9ologie et canyonisme.<\/span><\/li>\n<li><span style=\"text-align: center;\">13 administrateurs<strong> b\u00e9n\u00e9voles<\/strong>.<\/span><\/li>\n<li><span style=\"text-align: center;\"><strong>1 salari\u00e9<\/strong> Conseiller en D\u00e9veloppement Sportif Territorial<\/span><\/li>\n<\/ul>\n<\/td>\n<\/tr>\n<\/tbody>\n<\/table>\n<\/div>\n<div align=\"justify\">\u00a0\u00a0<b>Ses missions s\u2019organisent autour de 5 axes :<\/b><\/div>\n<div align=\"justify\"><\/div>\n<div align=\"justify\">\n<p><strong>1 &#8211; Promotion et d\u00e9veloppement de nos activit\u00e9s<\/strong><\/p>\n<p>a &#8211;\u00a0Augmenter le nombre de licenci\u00e9s<br \/>\nb &#8211;\u00a0Favoriser l&#8217;accueil des nouveaux arrivants<br \/>\nc &#8211;\u00a0Proposer une approche de nos activit\u00e9s pour tous les publics<br \/>\nd &#8211; D\u00e9velopper l\u2019expertise technique de nos pratiquants et favoriser ainsi la pr\u00e9vention des accidents et le d\u00e9veloppement de nos activit\u00e9s<br \/>\ne &#8211;\u00a0Mieux travailler avec les professionnels.<\/p>\n<p><strong>2 &#8211; S\u00e9curit\u00e9 des pratiquants et pr\u00e9vention<\/strong><\/p>\n<p>a &#8211;\u00a0Assurer le suivi de la mise en s\u00e9curit\u00e9 des sites.<br \/>\nb &#8211;\u00a0Veiller \u00e0 l\u2019op\u00e9rationnalit\u00e9 des \u00e9quipes de secours.<br \/>\nc &#8211;\u00a0P\u00e9renniser l\u2019action du Sp\u00e9l\u00e9o Secours Fran\u00e7ais 64.<br \/>\ne &#8211;\u00a0Pr\u00e9venir les accidents<br \/>\nf &#8211;\u00a0Accompagner les clubs dans la gestion des Equipements de Protection Individuels<\/p>\n<p><strong>3 &#8211; Information et communication<\/strong><\/p>\n<p>a &#8211;\u00a0Faire vivre et adapter nos outils de communication interne<br \/>\nb &#8211;\u00a0D\u00e9velopper une strat\u00e9gie de communication vers l\u2019ext\u00e9rieur.<\/p>\n<p><strong>4 &#8211; Connaissance et protection de nos milieux et de nos sites de pratique<\/strong><\/p>\n<p>a &#8211;\u00a0Favoriser et accro\u00eetre les connaissances sur nos milieux et territoires de pratique. Affirmer notre position d\u2019experts pour leur pr\u00e9servation.<br \/>\nb &#8211;\u00a0Se positionner comme experts du milieu souterrain et des gorges et canyons aupr\u00e8s de l\u2019Etat, des collectivit\u00e9s territoriales, et des structures scientifiques ou culturelles.<br \/>\nc &#8211;\u00a0Favoriser un acc\u00e8s raisonn\u00e9 et durable sur nos espaces, sites et itin\u00e9raires.<\/p>\n<p><strong>5 &#8211; Promouvoir les Pyr\u00e9n\u00e9es-Atlantiques\u00a0en France et \u00e0 l\u2019international<\/strong><\/p>\n<\/div>\n<p align=\"justify\">a &#8211;\u00a0D\u00e9velopper les \u00e9changes transfrontaliers<br \/>\nb &#8211;\u00a0Encourager l\u2019exploration de nos sites par des \u00e9quipes ext\u00e9rieures<br \/>\nc &#8211;\u00a0Soutenir le d\u00e9veloppement du site touristique de LA VERNA<\/p>\n<div align=\"justify\"><\/div>\n<div align=\"justify\"><\/div>\n","protected":false},"excerpt":{"rendered":"<p>Le Comit\u00e9 D\u00e9partemental de Sp\u00e9l\u00e9ologie et de Canyonisme des Pyr\u00e9n\u00e9es-Atlantiques, c\u2019est : Quasi 200 licenci\u00e9s r\u00e9partis dans 9 clubs. Pr\u00e8s \u2026 <a class=\"continue-reading-link\" href=\"https:\/\/cds64.org\/WordPress3\/presentation\/\">Lire la suite <span class=\"meta-nav\">&rarr; <\/span><\/a><\/p>\n","protected":false},"author":1,"featured_media":0,"parent":0,"menu_order":0,"comment_status":"closed","ping_status":"open","template":"","meta":{"footnotes":""},"class_list":["post-24","page","type-page","status-publish","hentry"],"_links":{"self":[{"href":"https:\/\/cds64.org\/WordPress3\/wp-json\/wp\/v2\/pages\/24","targetHints":{"allow":["GET"]}}],"collection":[{"href":"https:\/\/cds64.org\/WordPress3\/wp-json\/wp\/v2\/pages"}],"about":[{"href":"https:\/\/cds64.org\/WordPress3\/wp-json\/wp\/v2\/types\/page"}],"author":[{"embeddable":true,"href":"https:\/\/cds64.org\/WordPress3\/wp-json\/wp\/v2\/users\/1"}],"replies":[{"embeddable":true,"href":"https:\/\/cds64.org\/WordPress3\/wp-json\/wp\/v2\/comments?post=24"}],"version-history":[{"count":26,"href":"https:\/\/cds64.org\/WordPress3\/wp-json\/wp\/v2\/pages\/24\/revisions"}],"predecessor-version":[{"id":2115,"href":"https:\/\/cds64.org\/WordPress3\/wp-json\/wp\/v2\/pages\/24\/revisions\/2115"}],"wp:attachment":[{"href":"https:\/\/cds64.org\/WordPress3\/wp-json\/wp\/v2\/media?parent=24"}],"curies":[{"name":"wp","href":"https:\/\/api.w.org\/{rel}","templated":true}]}}