{"id":199,"date":"2022-01-29T17:59:49","date_gmt":"2022-01-29T16:59:49","guid":{"rendered":"https:\/\/cds64.org\/Camp_UIS_2022_Aquitaine\/?page_id=199"},"modified":"2022-02-10T18:58:56","modified_gmt":"2022-02-10T17:58:56","slug":"programa","status":"publish","type":"page","link":"https:\/\/cds64.org\/Camp_UIS_2022_Aquitaine\/es\/programa\/","title":{"rendered":"Programa"},"content":{"rendered":"\n<div class=\"wp-container-1 wp-block-buttons\">\n<div class=\"wp-block-button has-custom-width wp-block-button__width-100 is-style-fill\"><a class=\"wp-block-button__link has-sitebg-color has-accent-1-background-color has-text-color has-background\" href=\"https:\/\/cds64.org\/Camp_UIS_2022_Aquitaine\/inscribirse-post-congres-uis-2022\/\" style=\"border-radius:14px\"><strong>Inscribirse<\/strong><\/a><\/div>\n<\/div>\n\n\n\n<div class=\"wp-block-columns\">\n<div class=\"wp-block-column\" style=\"flex-basis:70%\">\n<ul><li>1 de agoto 2022<ul><li>1 de agoto de 2022 a las 8 de la ma\u00f1ana : Salida en autocar en el parking de Savoie Technolac, 73370 Le Bourget-du-Lac (lugar del Congreso UIS).<\/li><li>M\u00e1s all\u00e1 de Lyon hacia el sur, bajando por el valle del R\u00f3dano alcanzar\u00e9is el Mediterr\u00e1neo. <\/li><li>Ya ser\u00e1 hora de torcer hacia el oeste y a lo largo del Pirineo alcanzar la regi\u00f3n Nouvelle Aquitaine. <\/li><li>Al sur, en los confines del B\u00e9arn y del Pa\u00eds Vasco estar\u00e9is alojados en el Castillo de Libarrenx en habitaciones de 2 a 4 personas.<\/li><\/ul><\/li><\/ul>\n\n\n\n<ul><li>2 de agoto<ul><li>Por la ma\u00f1ana descubrir\u00e9is el famoso karst de la Pierre Saint-Martin y la sima Lepineux, entrada hist\u00f3rica del complejo de la Pierre Saint-Martin (82 kil\u00f3metros de galer\u00edas 1410 metros de profundidad). <\/li><li>Despu\u00e9s de la merienda visitar\u00e9is la Sala de la Verna. Un t\u00fanel de 660 metros de largo os permitir\u00e1 alcanzar una de las salas subterr\u00e1neas m\u00e1s grandes de Europa (255m de largo, 245m de ancho, 194m de alto). <\/li><li>Los que lo deseen podr\u00e1n bajar al fondo de la sala hasta la muy conocida \u201cPlaya de Guijarros\u201d siguiendo las huellas de los descubridores (nivel de dificultad 3\/5).<\/li><li>Desde las pasarelas podr\u00e9is admirar la cascada, la Galer\u00eda Aranzadi, la discordancia herciniana, y tambi\u00e9n la presa subterr\u00e1nea de la central hidrol\u00f3gica y su perfecta integraci\u00f3n en el entorno.<\/li><li>Durante todo el d\u00eda vuestro gu\u00eda ser\u00e1 Richard Maire, ge\u00f3logo de fama internacional que os ense\u00f1ar\u00e1 algunas curiosidades raras.<\/li><\/ul><\/li><\/ul>\n\n\n\n<div class=\"wp-block-image\"><figure class=\"aligncenter size-large\"><img loading=\"lazy\" width=\"1024\" height=\"807\" src=\"https:\/\/cds64.org\/Camp_UIS_2022_Aquitaine\/wp-content\/uploads\/2022\/01\/DSCF5740-Panorama-1-1024x807.jpg\" alt=\"\" class=\"wp-image-128\" srcset=\"https:\/\/cds64.org\/Camp_UIS_2022_Aquitaine\/wp-content\/uploads\/2022\/01\/DSCF5740-Panorama-1-1024x807.jpg 1024w, https:\/\/cds64.org\/Camp_UIS_2022_Aquitaine\/wp-content\/uploads\/2022\/01\/DSCF5740-Panorama-1-300x237.jpg 300w, https:\/\/cds64.org\/Camp_UIS_2022_Aquitaine\/wp-content\/uploads\/2022\/01\/DSCF5740-Panorama-1-768x606.jpg 768w, https:\/\/cds64.org\/Camp_UIS_2022_Aquitaine\/wp-content\/uploads\/2022\/01\/DSCF5740-Panorama-1-1536x1211.jpg 1536w, https:\/\/cds64.org\/Camp_UIS_2022_Aquitaine\/wp-content\/uploads\/2022\/01\/DSCF5740-Panorama-1-380x300.jpg 380w, https:\/\/cds64.org\/Camp_UIS_2022_Aquitaine\/wp-content\/uploads\/2022\/01\/DSCF5740-Panorama-1.jpg 1920w\" sizes=\"(max-width: 1024px) 100vw, 1024px\" \/><figcaption>Cueva de La Verna<\/figcaption><\/figure><\/div>\n\n\n\n<ul><li>3 de agoto<ul><li>Visita de la Grotte des Eaux-Chaudes (dificultad 2\/5).<\/li><li>La cueva fue tur\u00edstica en la \u00e9poca de la Emperatriz Eugenia de Montijo en 1854.<\/li><li>Podr\u00e9is ver algunos vestigios de las instalaciones de entonces.<\/li><li>Los m\u00e1s monta\u00f1istas podr\u00e1n recorrer el impresionante Camino de las Ventanas (dificultad 4\/5)<\/li><\/ul><\/li><\/ul>\n\n\n\n<div class=\"wp-block-image\"><figure class=\"aligncenter size-full is-resized\"><img loading=\"lazy\" src=\"https:\/\/cds64.org\/Camp_UIS_2022_Aquitaine\/wp-content\/uploads\/2022\/01\/Eaux-chaudes-1.jpg\" alt=\"\" class=\"wp-image-142\" width=\"843\" height=\"558\" srcset=\"https:\/\/cds64.org\/Camp_UIS_2022_Aquitaine\/wp-content\/uploads\/2022\/01\/Eaux-chaudes-1.jpg 800w, https:\/\/cds64.org\/Camp_UIS_2022_Aquitaine\/wp-content\/uploads\/2022\/01\/Eaux-chaudes-1-300x199.jpg 300w, https:\/\/cds64.org\/Camp_UIS_2022_Aquitaine\/wp-content\/uploads\/2022\/01\/Eaux-chaudes-1-768x509.jpg 768w, https:\/\/cds64.org\/Camp_UIS_2022_Aquitaine\/wp-content\/uploads\/2022\/01\/Eaux-chaudes-1-453x300.jpg 453w\" sizes=\"(max-width: 843px) 100vw, 843px\" \/><figcaption>Cueva de Eaux Chaudes<\/figcaption><\/figure><\/div>\n\n\n\n<ul><li>4 de agoto<ul><li>Os invitamos a compartir un intenso momento de convivencia recorriendo, andando, una etapa de la ruta m\u00e1s antigua, m\u00e1s frecuentada, m\u00e1s celebrada del continente europeo : el Camino de Santiago de Compostela. <\/li><li>Recorrer\u00e9is la etapa Ostabat \/ Saint-Jean-Pied-de-Port. Etapa de dificultad 2\/5 (f\u00e1cil) larga de 21 kil\u00f3metros, de una duraci\u00f3n media de 6 o 7 horas en el campo y las estribaciones de la monta\u00f1a vasca.<\/li><\/ul><\/li><\/ul>\n\n\n\n<p><\/p>\n\n\n\n<ul><li>5 de agoto<ul><li>Dejar\u00e9is los Pirineos Atl\u00e1nticos rumbo al norte.<\/li><li>Atravesando el Bosque de las Landas, bosque cultivado m\u00e1s grande de Europa, al norte alcanzar\u00e9is el departamento de la Dordogne, hist\u00f3ricamente llamado Perigord, lugar de culto para la prehistoria, tierra ondulada de castillos y vi\u00f1edos. <\/li><li>Estar\u00e9is alojados en el albergue Cap Sireuil en Les Eyzies de Tayac Sireuil (24) en habitaciones de 4 a 6 personas. <\/li><\/ul><\/li><\/ul>\n\n\n\n<p><\/p>\n\n\n\n<ul><li>6 de agoto<ul><li>Os conduciremos tras los descubridores del arte parietal en el Valle del Hombre, visitar\u00e9is Lascaux IV, r\u00e9plica integral del Lascaux original (- 19000 a\u00f1os) situada a unos centenares de metros, el abrigo prehist\u00f3rico del Moustier y visitar\u00e9is tambi\u00e9n la Cueva de Rouffignac o Cueva de los 100 mamuts, pintados hace 13000 a\u00f1os.<\/li><\/ul><\/li><\/ul>\n\n\n\n<p><\/p>\n\n\n\n<ul><li>7 de agoto<ul><li>Pasar\u00e9is por el pueblo de Les Eyzies y el Museo Nacional de la Prehistoria, tomar\u00e9is la merienda en el Abrigo del Pescado en la Ganganta de Infierno, para terminar con la visita del Abrigo de Cap Blanc y de la Cueva de Font de Gaume, otra cueva ricamente pintada..<\/li><\/ul><\/li><\/ul>\n\n\n\n<div class=\"wp-block-image\"><figure class=\"aligncenter size-full\"><img loading=\"lazy\" width=\"960\" height=\"540\" src=\"https:\/\/cds64.org\/Camp_UIS_2022_Aquitaine\/wp-content\/uploads\/2022\/01\/lascaux-1.png\" alt=\"\" class=\"wp-image-138\" srcset=\"https:\/\/cds64.org\/Camp_UIS_2022_Aquitaine\/wp-content\/uploads\/2022\/01\/lascaux-1.png 960w, https:\/\/cds64.org\/Camp_UIS_2022_Aquitaine\/wp-content\/uploads\/2022\/01\/lascaux-1-300x169.png 300w, https:\/\/cds64.org\/Camp_UIS_2022_Aquitaine\/wp-content\/uploads\/2022\/01\/lascaux-1-768x432.png 768w, https:\/\/cds64.org\/Camp_UIS_2022_Aquitaine\/wp-content\/uploads\/2022\/01\/lascaux-1-533x300.png 533w\" sizes=\"(max-width: 960px) 100vw, 960px\" \/><figcaption>Lascaux IV r\u00e9plica de la cueva original<\/figcaption><\/figure><\/div>\n\n\n\n<ul><li>8 de agoto<ul><li>Visita del Valle del Dordogne, sus pueblos cargados de historia (Sarlat la Caneda, Limeuil&#8230;) sus panoramas espectaculares, y Castelnaud-la-Chapelle, uno de los m\u00e1s bellos castillos entre los 1500 castillos del departamento. <\/li><li>Terminar\u00e9is este recorrido en el vi\u00f1edo de Bergerac, con degustaci\u00f3n de vinos en el Domaine de Grange Neuve.<\/li><\/ul><\/li><\/ul>\n\n\n\n<p><\/p>\n\n\n\n<ul><li>9 de agoto<ul><li>Nuestro autocar os conducir\u00e1 a Burdeos, capital de Nouvelle Aquitaine y os dejaremos sea en la estaci\u00f3n de ferrocarriles Saint-Jean, sea en el aeropuerto internacional de Merignac, como os convenga.<\/li><\/ul><\/li><\/ul>\n<\/div>\n\n\n\n<div class=\"wp-block-column\" style=\"flex-basis:20%\">\n<h3 class=\"alignwide has-text-align-center\" id=\"en-dordogne\">PYR\u00c9N\u00c9ES ATLANTIQUES<\/h3>\n\n\n\n<figure class=\"wp-block-image size-full\"><img loading=\"lazy\" width=\"550\" height=\"367\" src=\"https:\/\/cds64.org\/Camp_UIS_2022_Aquitaine\/wp-content\/uploads\/2022\/01\/chateau-de-libarrenx-1.jpg\" alt=\"\" class=\"wp-image-123\" srcset=\"https:\/\/cds64.org\/Camp_UIS_2022_Aquitaine\/wp-content\/uploads\/2022\/01\/chateau-de-libarrenx-1.jpg 550w, https:\/\/cds64.org\/Camp_UIS_2022_Aquitaine\/wp-content\/uploads\/2022\/01\/chateau-de-libarrenx-1-300x200.jpg 300w, https:\/\/cds64.org\/Camp_UIS_2022_Aquitaine\/wp-content\/uploads\/2022\/01\/chateau-de-libarrenx-1-450x300.jpg 450w\" sizes=\"(max-width: 550px) 100vw, 550px\" \/><figcaption>Castillo de Libarrenx<\/figcaption><\/figure>\n\n\n\n<figure class=\"wp-block-image size-full\"><img loading=\"lazy\" width=\"1024\" height=\"659\" src=\"https:\/\/cds64.org\/Camp_UIS_2022_Aquitaine\/wp-content\/uploads\/2022\/01\/chambre-chat-libarrenx.jpg\" alt=\"\" class=\"wp-image-131\" srcset=\"https:\/\/cds64.org\/Camp_UIS_2022_Aquitaine\/wp-content\/uploads\/2022\/01\/chambre-chat-libarrenx.jpg 1024w, https:\/\/cds64.org\/Camp_UIS_2022_Aquitaine\/wp-content\/uploads\/2022\/01\/chambre-chat-libarrenx-300x193.jpg 300w, https:\/\/cds64.org\/Camp_UIS_2022_Aquitaine\/wp-content\/uploads\/2022\/01\/chambre-chat-libarrenx-768x494.jpg 768w, https:\/\/cds64.org\/Camp_UIS_2022_Aquitaine\/wp-content\/uploads\/2022\/01\/chambre-chat-libarrenx-466x300.jpg 466w\" sizes=\"(max-width: 1024px) 100vw, 1024px\" \/><figcaption>Cuartos de dormir 2 o 4 personas<\/figcaption><\/figure>\n\n\n\n<figure class=\"wp-block-image size-full\"><img loading=\"lazy\" width=\"800\" height=\"533\" src=\"https:\/\/cds64.org\/Camp_UIS_2022_Aquitaine\/wp-content\/uploads\/2022\/01\/Pic_dAnie_lapiaz_site.png\" alt=\"\" class=\"wp-image-134\" srcset=\"https:\/\/cds64.org\/Camp_UIS_2022_Aquitaine\/wp-content\/uploads\/2022\/01\/Pic_dAnie_lapiaz_site.png 800w, https:\/\/cds64.org\/Camp_UIS_2022_Aquitaine\/wp-content\/uploads\/2022\/01\/Pic_dAnie_lapiaz_site-300x200.png 300w, https:\/\/cds64.org\/Camp_UIS_2022_Aquitaine\/wp-content\/uploads\/2022\/01\/Pic_dAnie_lapiaz_site-768x512.png 768w, https:\/\/cds64.org\/Camp_UIS_2022_Aquitaine\/wp-content\/uploads\/2022\/01\/Pic_dAnie_lapiaz_site-450x300.png 450w\" sizes=\"(max-width: 800px) 100vw, 800px\" \/><figcaption>Karst de La Pierre St Martin<\/figcaption><\/figure>\n\n\n\n<figure class=\"wp-block-image size-full\"><img loading=\"lazy\" width=\"800\" height=\"664\" src=\"https:\/\/cds64.org\/Camp_UIS_2022_Aquitaine\/wp-content\/uploads\/2022\/01\/Lepineux.jpg\" alt=\"\" class=\"wp-image-111\" srcset=\"https:\/\/cds64.org\/Camp_UIS_2022_Aquitaine\/wp-content\/uploads\/2022\/01\/Lepineux.jpg 800w, https:\/\/cds64.org\/Camp_UIS_2022_Aquitaine\/wp-content\/uploads\/2022\/01\/Lepineux-300x249.jpg 300w, https:\/\/cds64.org\/Camp_UIS_2022_Aquitaine\/wp-content\/uploads\/2022\/01\/Lepineux-768x637.jpg 768w, https:\/\/cds64.org\/Camp_UIS_2022_Aquitaine\/wp-content\/uploads\/2022\/01\/Lepineux-361x300.jpg 361w\" sizes=\"(max-width: 800px) 100vw, 800px\" \/><figcaption>Sima L\u00e9pineux<\/figcaption><\/figure>\n\n\n\n<figure class=\"wp-block-image size-large\"><img loading=\"lazy\" width=\"683\" height=\"1024\" src=\"https:\/\/cds64.org\/Camp_UIS_2022_Aquitaine\/wp-content\/uploads\/2022\/01\/DSCF0598-683x1024.jpg\" alt=\"\" class=\"wp-image-136\" srcset=\"https:\/\/cds64.org\/Camp_UIS_2022_Aquitaine\/wp-content\/uploads\/2022\/01\/DSCF0598-683x1024.jpg 683w, https:\/\/cds64.org\/Camp_UIS_2022_Aquitaine\/wp-content\/uploads\/2022\/01\/DSCF0598-200x300.jpg 200w, https:\/\/cds64.org\/Camp_UIS_2022_Aquitaine\/wp-content\/uploads\/2022\/01\/DSCF0598-768x1152.jpg 768w, https:\/\/cds64.org\/Camp_UIS_2022_Aquitaine\/wp-content\/uploads\/2022\/01\/DSCF0598.jpg 800w\" sizes=\"(max-width: 683px) 100vw, 683px\" \/><figcaption>Red Larrandaburu<\/figcaption><\/figure>\n\n\n\n<figure class=\"wp-block-image size-full\"><img loading=\"lazy\" width=\"619\" height=\"411\" src=\"https:\/\/cds64.org\/Camp_UIS_2022_Aquitaine\/wp-content\/uploads\/2022\/01\/sentier_des_fenetres.jpg\" alt=\"\" class=\"wp-image-115\" srcset=\"https:\/\/cds64.org\/Camp_UIS_2022_Aquitaine\/wp-content\/uploads\/2022\/01\/sentier_des_fenetres.jpg 619w, https:\/\/cds64.org\/Camp_UIS_2022_Aquitaine\/wp-content\/uploads\/2022\/01\/sentier_des_fenetres-300x199.jpg 300w, https:\/\/cds64.org\/Camp_UIS_2022_Aquitaine\/wp-content\/uploads\/2022\/01\/sentier_des_fenetres-452x300.jpg 452w\" sizes=\"(max-width: 619px) 100vw, 619px\" \/><figcaption>Camino de las Ventanas<\/figcaption><\/figure>\n\n\n\n<figure class=\"wp-block-image size-large\"><img loading=\"lazy\" width=\"1024\" height=\"684\" src=\"https:\/\/cds64.org\/Camp_UIS_2022_Aquitaine\/wp-content\/uploads\/2022\/01\/Ostabat-garazi-1024x684.jpg\" alt=\"\" class=\"wp-image-113\" srcset=\"https:\/\/cds64.org\/Camp_UIS_2022_Aquitaine\/wp-content\/uploads\/2022\/01\/Ostabat-garazi-1024x684.jpg 1024w, https:\/\/cds64.org\/Camp_UIS_2022_Aquitaine\/wp-content\/uploads\/2022\/01\/Ostabat-garazi-300x200.jpg 300w, https:\/\/cds64.org\/Camp_UIS_2022_Aquitaine\/wp-content\/uploads\/2022\/01\/Ostabat-garazi-768x513.jpg 768w, https:\/\/cds64.org\/Camp_UIS_2022_Aquitaine\/wp-content\/uploads\/2022\/01\/Ostabat-garazi-1536x1027.jpg 1536w, https:\/\/cds64.org\/Camp_UIS_2022_Aquitaine\/wp-content\/uploads\/2022\/01\/Ostabat-garazi-449x300.jpg 449w, https:\/\/cds64.org\/Camp_UIS_2022_Aquitaine\/wp-content\/uploads\/2022\/01\/Ostabat-garazi.jpg 1616w\" sizes=\"(max-width: 1024px) 100vw, 1024px\" \/><figcaption>Ostabat  &#8211; St Jean Pied de Port<\/figcaption><\/figure>\n\n\n\n<h3 class=\"alignwide has-text-align-center\" id=\"en-dordogne\">EN DORDOGNE<\/h3>\n\n\n\n<figure class=\"wp-block-image size-full\"><img loading=\"lazy\" width=\"640\" height=\"477\" src=\"https:\/\/cds64.org\/Camp_UIS_2022_Aquitaine\/wp-content\/uploads\/2022\/01\/Chateau-de-Dordogne.png\" alt=\"\" class=\"wp-image-165\" srcset=\"https:\/\/cds64.org\/Camp_UIS_2022_Aquitaine\/wp-content\/uploads\/2022\/01\/Chateau-de-Dordogne.png 640w, https:\/\/cds64.org\/Camp_UIS_2022_Aquitaine\/wp-content\/uploads\/2022\/01\/Chateau-de-Dordogne-300x224.png 300w, https:\/\/cds64.org\/Camp_UIS_2022_Aquitaine\/wp-content\/uploads\/2022\/01\/Chateau-de-Dordogne-403x300.png 403w\" sizes=\"(max-width: 640px) 100vw, 640px\" \/><figcaption>Castenaud<\/figcaption><\/figure>\n\n\n\n<figure class=\"wp-block-image size-full\"><img loading=\"lazy\" width=\"640\" height=\"479\" src=\"https:\/\/cds64.org\/Camp_UIS_2022_Aquitaine\/wp-content\/uploads\/2022\/01\/speleo-historique.png\" alt=\"\" class=\"wp-image-166\" srcset=\"https:\/\/cds64.org\/Camp_UIS_2022_Aquitaine\/wp-content\/uploads\/2022\/01\/speleo-historique.png 640w, https:\/\/cds64.org\/Camp_UIS_2022_Aquitaine\/wp-content\/uploads\/2022\/01\/speleo-historique-300x225.png 300w, https:\/\/cds64.org\/Camp_UIS_2022_Aquitaine\/wp-content\/uploads\/2022\/01\/speleo-historique-401x300.png 401w\" sizes=\"(max-width: 640px) 100vw, 640px\" \/><figcaption>Una tierra de espel\u00f3logos<\/figcaption><\/figure>\n\n\n\n<figure class=\"wp-block-image size-full\"><img loading=\"lazy\" width=\"640\" height=\"426\" src=\"https:\/\/cds64.org\/Camp_UIS_2022_Aquitaine\/wp-content\/uploads\/2022\/01\/Lascaux-4.png\" alt=\"\" class=\"wp-image-167\" srcset=\"https:\/\/cds64.org\/Camp_UIS_2022_Aquitaine\/wp-content\/uploads\/2022\/01\/Lascaux-4.png 640w, https:\/\/cds64.org\/Camp_UIS_2022_Aquitaine\/wp-content\/uploads\/2022\/01\/Lascaux-4-300x200.png 300w, https:\/\/cds64.org\/Camp_UIS_2022_Aquitaine\/wp-content\/uploads\/2022\/01\/Lascaux-4-451x300.png 451w\" sizes=\"(max-width: 640px) 100vw, 640px\" \/><figcaption>Lascaux IV<\/figcaption><\/figure>\n\n\n\n<figure class=\"wp-block-image size-full\"><img loading=\"lazy\" width=\"640\" height=\"185\" src=\"https:\/\/cds64.org\/Camp_UIS_2022_Aquitaine\/wp-content\/uploads\/2022\/01\/Foie-gras-cepes.png\" alt=\"\" class=\"wp-image-168\" srcset=\"https:\/\/cds64.org\/Camp_UIS_2022_Aquitaine\/wp-content\/uploads\/2022\/01\/Foie-gras-cepes.png 640w, https:\/\/cds64.org\/Camp_UIS_2022_Aquitaine\/wp-content\/uploads\/2022\/01\/Foie-gras-cepes-300x87.png 300w\" sizes=\"(max-width: 640px) 100vw, 640px\" \/><figcaption>Setas y foie gras<\/figcaption><\/figure>\n\n\n\n<figure class=\"wp-block-image size-full\"><img loading=\"lazy\" width=\"640\" height=\"430\" src=\"https:\/\/cds64.org\/Camp_UIS_2022_Aquitaine\/wp-content\/uploads\/2022\/01\/Mammouth.png\" alt=\"\" class=\"wp-image-169\" srcset=\"https:\/\/cds64.org\/Camp_UIS_2022_Aquitaine\/wp-content\/uploads\/2022\/01\/Mammouth.png 640w, https:\/\/cds64.org\/Camp_UIS_2022_Aquitaine\/wp-content\/uploads\/2022\/01\/Mammouth-300x202.png 300w, https:\/\/cds64.org\/Camp_UIS_2022_Aquitaine\/wp-content\/uploads\/2022\/01\/Mammouth-447x300.png 447w\" sizes=\"(max-width: 640px) 100vw, 640px\" \/><figcaption>Animales de leyenda<\/figcaption><\/figure>\n\n\n\n<figure class=\"wp-block-image size-full\"><img loading=\"lazy\" width=\"640\" height=\"450\" src=\"https:\/\/cds64.org\/Camp_UIS_2022_Aquitaine\/wp-content\/uploads\/2022\/01\/les-Eyzies.png\" alt=\"\" class=\"wp-image-170\" srcset=\"https:\/\/cds64.org\/Camp_UIS_2022_Aquitaine\/wp-content\/uploads\/2022\/01\/les-Eyzies.png 640w, https:\/\/cds64.org\/Camp_UIS_2022_Aquitaine\/wp-content\/uploads\/2022\/01\/les-Eyzies-300x211.png 300w, https:\/\/cds64.org\/Camp_UIS_2022_Aquitaine\/wp-content\/uploads\/2022\/01\/les-Eyzies-427x300.png 427w\" sizes=\"(max-width: 640px) 100vw, 640px\" \/><figcaption>El Valle del hombre<\/figcaption><\/figure>\n<\/div>\n<\/div>\n\n\n\n<div class=\"wp-container-2 wp-block-buttons\">\n<div class=\"wp-block-button has-custom-width wp-block-button__width-100 is-style-fill\"><a class=\"wp-block-button__link has-accent-1-background-color has-background\" href=\"https:\/\/cds64.org\/Camp_UIS_2022_Aquitaine\/inscribirse-al-camp-post-congres-uis-2022\/\" style=\"border-radius:12px\"><strong>Inscribirse<\/strong><\/a><\/div>\n<\/div>\n\n\n\n<hr class=\"wp-block-separator\"\/>\n\n\n\n<h2 class=\"has-text-align-center\" id=\"gastronomia\">GASTRONOM\u00cdA<\/h2>\n\n\n\n<div class=\"wp-block-columns\">\n<div class=\"wp-block-column\" style=\"flex-basis:70%\">\n<ul><li>En el Pirineo Atl\u00e1ntico podr\u00e9is disfrutar de algunas de las especialidades gastron\u00f3micas m\u00e1s emblem\u00e1ticas de la zona : <ul><li>Los embutidos y charcuter\u00edas<\/li><li>Las truchas de los r\u00edos de monta\u00f1a<\/li><li>La poule au pot (olla de gallina)<\/li><li>La Garbure, sopa de verduras con carne de la olla<\/li><li>El zikiro de cordero lechal<\/li><li>Los quesos de oveja<\/li><li>Los postres y pasteler\u00eda<\/li><li>Los vinos t\u00edpicos de la tierra (Juran\u00e7on, B\u00e9arn, Irouleguy) <\/li><\/ul><\/li><\/ul>\n\n\n\n<ul><li>En Dordogne, la gastronom\u00eda local os ofrecer\u00e1 :<ul><li>El foie gras,<\/li><li>El pato o la oca confitada,<\/li><li>Los champi\u00f1ones entre los cuales las famosas setas y los rebozuelos, las casta\u00f1as<\/li><li>Las ensaladas \u201cgourmet\u201d con las nueces del Perigord <\/li><li>Los diversos quesos acompa\u00f1ados de los vinos t\u00edpicos de la tierra: Bergerac, Monbazillac etc.<\/li><\/ul><\/li><\/ul>\n\n\n\n<div class=\"wp-block-columns\">\n<div class=\"wp-block-column\">\n<figure class=\"wp-block-image size-full\"><img loading=\"lazy\" width=\"640\" height=\"251\" src=\"https:\/\/cds64.org\/Camp_UIS_2022_Aquitaine\/wp-content\/uploads\/2022\/01\/magrets-1.png\" alt=\"\" class=\"wp-image-179\" srcset=\"https:\/\/cds64.org\/Camp_UIS_2022_Aquitaine\/wp-content\/uploads\/2022\/01\/magrets-1.png 640w, https:\/\/cds64.org\/Camp_UIS_2022_Aquitaine\/wp-content\/uploads\/2022\/01\/magrets-1-300x118.png 300w\" sizes=\"(max-width: 640px) 100vw, 640px\" \/><figcaption>Magret<\/figcaption><\/figure>\n<\/div>\n\n\n\n<div class=\"wp-block-column\">\n<figure class=\"wp-block-image size-full is-resized\"><img loading=\"lazy\" src=\"https:\/\/cds64.org\/Camp_UIS_2022_Aquitaine\/wp-content\/uploads\/2022\/01\/Foie-gras-cepes-2.png\" alt=\"\" class=\"wp-image-180\" width=\"412\" height=\"119\" srcset=\"https:\/\/cds64.org\/Camp_UIS_2022_Aquitaine\/wp-content\/uploads\/2022\/01\/Foie-gras-cepes-2.png 640w, https:\/\/cds64.org\/Camp_UIS_2022_Aquitaine\/wp-content\/uploads\/2022\/01\/Foie-gras-cepes-2-300x87.png 300w\" sizes=\"(max-width: 412px) 100vw, 412px\" \/><figcaption>Foie gras y setas<\/figcaption><\/figure>\n<\/div>\n<\/div>\n<\/div>\n\n\n\n<div class=\"wp-block-column\" style=\"flex-basis:20%\">\n<figure class=\"wp-block-image size-full\"><img loading=\"lazy\" width=\"720\" height=\"545\" src=\"https:\/\/cds64.org\/Camp_UIS_2022_Aquitaine\/wp-content\/uploads\/2022\/02\/poule-au-pot-1.jpg\" alt=\"\" class=\"wp-image-233\" srcset=\"https:\/\/cds64.org\/Camp_UIS_2022_Aquitaine\/wp-content\/uploads\/2022\/02\/poule-au-pot-1.jpg 720w, https:\/\/cds64.org\/Camp_UIS_2022_Aquitaine\/wp-content\/uploads\/2022\/02\/poule-au-pot-1-300x227.jpg 300w, https:\/\/cds64.org\/Camp_UIS_2022_Aquitaine\/wp-content\/uploads\/2022\/02\/poule-au-pot-1-396x300.jpg 396w\" sizes=\"(max-width: 720px) 100vw, 720px\" \/><figcaption>Olla de gallina<\/figcaption><\/figure>\n\n\n\n<figure class=\"wp-block-image size-large\"><img loading=\"lazy\" width=\"1024\" height=\"809\" src=\"https:\/\/cds64.org\/Camp_UIS_2022_Aquitaine\/wp-content\/uploads\/2022\/02\/Garbure-1-1024x809.jpg\" alt=\"\" class=\"wp-image-231\" srcset=\"https:\/\/cds64.org\/Camp_UIS_2022_Aquitaine\/wp-content\/uploads\/2022\/02\/Garbure-1-1024x809.jpg 1024w, https:\/\/cds64.org\/Camp_UIS_2022_Aquitaine\/wp-content\/uploads\/2022\/02\/Garbure-1-300x237.jpg 300w, https:\/\/cds64.org\/Camp_UIS_2022_Aquitaine\/wp-content\/uploads\/2022\/02\/Garbure-1-768x607.jpg 768w, https:\/\/cds64.org\/Camp_UIS_2022_Aquitaine\/wp-content\/uploads\/2022\/02\/Garbure-1-380x300.jpg 380w, https:\/\/cds64.org\/Camp_UIS_2022_Aquitaine\/wp-content\/uploads\/2022\/02\/Garbure-1.jpg 1200w\" sizes=\"(max-width: 1024px) 100vw, 1024px\" \/><figcaption>Garbure, sopa de verduras con carne de la olla<\/figcaption><\/figure>\n\n\n\n<figure class=\"wp-block-image size-large\"><img loading=\"lazy\" width=\"1024\" height=\"663\" src=\"https:\/\/cds64.org\/Camp_UIS_2022_Aquitaine\/wp-content\/uploads\/2022\/02\/Zikiro-mechoui-Basque-1-1024x663.jpg\" alt=\"\" class=\"wp-image-232\" srcset=\"https:\/\/cds64.org\/Camp_UIS_2022_Aquitaine\/wp-content\/uploads\/2022\/02\/Zikiro-mechoui-Basque-1-1024x663.jpg 1024w, https:\/\/cds64.org\/Camp_UIS_2022_Aquitaine\/wp-content\/uploads\/2022\/02\/Zikiro-mechoui-Basque-1-300x194.jpg 300w, https:\/\/cds64.org\/Camp_UIS_2022_Aquitaine\/wp-content\/uploads\/2022\/02\/Zikiro-mechoui-Basque-1-768x497.jpg 768w, https:\/\/cds64.org\/Camp_UIS_2022_Aquitaine\/wp-content\/uploads\/2022\/02\/Zikiro-mechoui-Basque-1-463x300.jpg 463w, https:\/\/cds64.org\/Camp_UIS_2022_Aquitaine\/wp-content\/uploads\/2022\/02\/Zikiro-mechoui-Basque-1.jpg 1206w\" sizes=\"(max-width: 1024px) 100vw, 1024px\" \/><figcaption>El zikiro de cordero lechal<\/figcaption><\/figure>\n\n\n\n<figure class=\"wp-block-image size-full\"><img loading=\"lazy\" width=\"440\" height=\"330\" src=\"https:\/\/cds64.org\/Camp_UIS_2022_Aquitaine\/wp-content\/uploads\/2022\/01\/noix.png\" alt=\"\" class=\"wp-image-176\" srcset=\"https:\/\/cds64.org\/Camp_UIS_2022_Aquitaine\/wp-content\/uploads\/2022\/01\/noix.png 440w, https:\/\/cds64.org\/Camp_UIS_2022_Aquitaine\/wp-content\/uploads\/2022\/01\/noix-300x225.png 300w, https:\/\/cds64.org\/Camp_UIS_2022_Aquitaine\/wp-content\/uploads\/2022\/01\/noix-400x300.png 400w\" sizes=\"(max-width: 440px) 100vw, 440px\" \/><figcaption>Las nueces des P\u00e9rigord<\/figcaption><\/figure>\n\n\n\n<p><\/p>\n<\/div>\n<\/div>\n\n\n\n<p>&nbsp;&nbsp;&nbsp;&nbsp;&nbsp;&nbsp;&nbsp;&nbsp;&nbsp;&nbsp;&nbsp; La verdad es que el tiempo ser\u00e1 demasiado corto para descubrir y disfrutar de todas las riquezas de nuestra regi\u00f3n. Pero os aseguramos que si desean volver estar\u00e9is siempre muy bien acogidos en Nouvelle Aquitaine.<\/p>\n","protected":false},"excerpt":{"rendered":"<p>1 de agoto 2022 1 de agoto de 2022 a las 8 de la ma\u00f1ana : Salida en autocar en el parking de Savoie Technolac, &hellip;<\/p>\n","protected":false},"author":1,"featured_media":0,"parent":0,"menu_order":0,"comment_status":"closed","ping_status":"closed","template":"","meta":[],"_links":{"self":[{"href":"https:\/\/cds64.org\/Camp_UIS_2022_Aquitaine\/wp-json\/wp\/v2\/pages\/199"}],"collection":[{"href":"https:\/\/cds64.org\/Camp_UIS_2022_Aquitaine\/wp-json\/wp\/v2\/pages"}],"about":[{"href":"https:\/\/cds64.org\/Camp_UIS_2022_Aquitaine\/wp-json\/wp\/v2\/types\/page"}],"author":[{"embeddable":true,"href":"https:\/\/cds64.org\/Camp_UIS_2022_Aquitaine\/wp-json\/wp\/v2\/users\/1"}],"replies":[{"embeddable":true,"href":"https:\/\/cds64.org\/Camp_UIS_2022_Aquitaine\/wp-json\/wp\/v2\/comments?post=199"}],"version-history":[{"count":13,"href":"https:\/\/cds64.org\/Camp_UIS_2022_Aquitaine\/wp-json\/wp\/v2\/pages\/199\/revisions"}],"predecessor-version":[{"id":395,"href":"https:\/\/cds64.org\/Camp_UIS_2022_Aquitaine\/wp-json\/wp\/v2\/pages\/199\/revisions\/395"}],"wp:attachment":[{"href":"https:\/\/cds64.org\/Camp_UIS_2022_Aquitaine\/wp-json\/wp\/v2\/media?parent=199"}],"curies":[{"name":"wp","href":"https:\/\/api.w.org\/{rel}","templated":true}]}}