{"id":82,"date":"2014-03-20T15:28:57","date_gmt":"2014-03-20T14:28:57","guid":{"rendered":"http:\/\/cds64.org\/WordPress3\/?page_id=82"},"modified":"2026-03-10T12:04:36","modified_gmt":"2026-03-10T11:04:36","slug":"organigramme","status":"publish","type":"page","link":"http:\/\/cds64.org\/WordPress3\/presentation\/organigramme\/","title":{"rendered":"Organigramme"},"content":{"rendered":"<p>Le Bureau :<\/p>\n<ul>\n<li>Pr\u00e9sidente : Virginie COUANON<\/li>\n<li>Pr\u00e9sident adjoint : J\u00e9r\u00f4me LABAT<\/li>\n<li>Tr\u00e9sorier : Jo\u00ebl FAURE<\/li>\n<li>Tr\u00e9sorier Adjoint : Pierre-Henri FONTESPIS-LOSTE<\/li>\n<li>Secr\u00e9taire : Serge PLAN\u00c8S<\/li>\n<li>Secr\u00e9tariat Adjoint : Lucie DAL SOGLIO<\/li>\n<\/ul>\n<p>Le Conseil d&#8217;ADMINSTRATON, en plus des membres du bureau :<\/p>\n<ul>\n<li>Delphine CASTAGNET (m\u00e9decin)<\/li>\n<li>Lucie DAL SOGLIO<\/li>\n<li>Marie-Christine DELMASURE<\/li>\n<li>Coraline GAUTHIER FABRE<\/li>\n<li>Christine GASTEREGUY<\/li>\n<li>Paul DOUMENJOU<\/li>\n<li>Mill\u00e1n IBA\u00d1EZ ALCAYNE<\/li>\n<li>Jacques KARDAFFREC<\/li>\n<li>Michel LAUGA<\/li>\n<\/ul>\n<p>Grands \u00e9lecteurs pour l&#8217;AG CSR-NA<\/p>\n<ul>\n<li>Yves BRAMOULL\u00c9<\/li>\n<li>\u00c9ric DE VALICOURT<\/li>\n<li>Marie-Claude DOUAT<\/li>\n<li>Michel DOUAT (Mickey)<\/li>\n<li>Pierre-Henri FONTESPIS-LOSTE<\/li>\n<li>Christian GIRAULT (Papou)<\/li>\n<li>Marie-Jos\u00e9 LHUILLIER<\/li>\n<li>Charles PIAULT<\/li>\n<li>Serge PLAN\u00c8S<\/li>\n<\/ul>\n<p>Grande \u00e9lectrice pour l&#8217;AG de la F F Sp\u00e9l\u00e9ologie<\/p>\n<ul>\n<li>DELMASURE Marie-Christine (Kitou)<\/li>\n<\/ul>\n","protected":false},"excerpt":{"rendered":"<p>Le Bureau : Pr\u00e9sidente : Virginie COUANON Pr\u00e9sident adjoint : J\u00e9r\u00f4me LABAT Tr\u00e9sorier : Jo\u00ebl FAURE Tr\u00e9sorier Adjoint : Pierre-Henri \u2026 <a class=\"continue-reading-link\" href=\"http:\/\/cds64.org\/WordPress3\/presentation\/organigramme\/\">Lire la suite <span class=\"meta-nav\">&rarr; <\/span><\/a><\/p>\n","protected":false},"author":1,"featured_media":0,"parent":24,"menu_order":2,"comment_status":"closed","ping_status":"open","template":"","meta":{"footnotes":""},"class_list":["post-82","page","type-page","status-publish","hentry"],"_links":{"self":[{"href":"http:\/\/cds64.org\/WordPress3\/wp-json\/wp\/v2\/pages\/82","targetHints":{"allow":["GET"]}}],"collection":[{"href":"http:\/\/cds64.org\/WordPress3\/wp-json\/wp\/v2\/pages"}],"about":[{"href":"http:\/\/cds64.org\/WordPress3\/wp-json\/wp\/v2\/types\/page"}],"author":[{"embeddable":true,"href":"http:\/\/cds64.org\/WordPress3\/wp-json\/wp\/v2\/users\/1"}],"replies":[{"embeddable":true,"href":"http:\/\/cds64.org\/WordPress3\/wp-json\/wp\/v2\/comments?post=82"}],"version-history":[{"count":15,"href":"http:\/\/cds64.org\/WordPress3\/wp-json\/wp\/v2\/pages\/82\/revisions"}],"predecessor-version":[{"id":2296,"href":"http:\/\/cds64.org\/WordPress3\/wp-json\/wp\/v2\/pages\/82\/revisions\/2296"}],"up":[{"embeddable":true,"href":"http:\/\/cds64.org\/WordPress3\/wp-json\/wp\/v2\/pages\/24"}],"wp:attachment":[{"href":"http:\/\/cds64.org\/WordPress3\/wp-json\/wp\/v2\/media?parent=82"}],"curies":[{"name":"wp","href":"https:\/\/api.w.org\/{rel}","templated":true}]}}