{"id":287,"date":"2014-03-25T11:03:20","date_gmt":"2014-03-25T10:03:20","guid":{"rendered":"http:\/\/cds64.org\/WordPress3\/?page_id=287"},"modified":"2014-04-01T21:48:27","modified_gmt":"2014-04-01T19:48:27","slug":"membres","status":"publish","type":"page","link":"http:\/\/cds64.org\/WordPress3\/membres\/","title":{"rendered":"Adh\u00e9rents"},"content":{"rendered":"<p>Le CDS 64 propose tout au long de l&#8217;ann\u00e9e aux membres des clubs du d\u00e9partement :<\/p>\n<ul>\n<li><a href=\"http:\/\/cds64.org\/WordPress3\/category\/formations\/\">Des formations<\/a> : stages et weekend de formation \u00e0 la sp\u00e9l\u00e9ologie, au canyonisme et au secours sp\u00e9l\u00e9o, de tous niveaux, dipl\u00f4mants ou pas<\/li>\n<li>De pr\u00eater du mat\u00e9riel pour la r\u00e9alisation de vos explorations<\/li>\n<li>Des informations : \u00e0 travers les<a title=\"Listes de diffusion\" href=\"http:\/\/cds64.org\/WordPress3\/membres\/listes-de-diffusion\/\"> listes de diffusion<\/a> et son site internet<\/li>\n<li><a href=\"http:\/\/cds64.org\/WordPress3\/category\/camps-sorties-collectives\/\">Des sorties collectives, camps,&#8230;<\/a><\/li>\n<\/ul>\n<p>&nbsp;<\/p>\n","protected":false},"excerpt":{"rendered":"<p>Le CDS 64 propose tout au long de l&#8217;ann\u00e9e aux membres des clubs du d\u00e9partement : Des formations : stages \u2026 <a class=\"continue-reading-link\" href=\"http:\/\/cds64.org\/WordPress3\/membres\/\">Lire la suite <span class=\"meta-nav\">&rarr; <\/span><\/a><\/p>\n","protected":false},"author":1,"featured_media":0,"parent":0,"menu_order":0,"comment_status":"closed","ping_status":"open","template":"","meta":{"footnotes":""},"class_list":["post-287","page","type-page","status-publish","hentry"],"_links":{"self":[{"href":"http:\/\/cds64.org\/WordPress3\/wp-json\/wp\/v2\/pages\/287","targetHints":{"allow":["GET"]}}],"collection":[{"href":"http:\/\/cds64.org\/WordPress3\/wp-json\/wp\/v2\/pages"}],"about":[{"href":"http:\/\/cds64.org\/WordPress3\/wp-json\/wp\/v2\/types\/page"}],"author":[{"embeddable":true,"href":"http:\/\/cds64.org\/WordPress3\/wp-json\/wp\/v2\/users\/1"}],"replies":[{"embeddable":true,"href":"http:\/\/cds64.org\/WordPress3\/wp-json\/wp\/v2\/comments?post=287"}],"version-history":[{"count":4,"href":"http:\/\/cds64.org\/WordPress3\/wp-json\/wp\/v2\/pages\/287\/revisions"}],"predecessor-version":[{"id":444,"href":"http:\/\/cds64.org\/WordPress3\/wp-json\/wp\/v2\/pages\/287\/revisions\/444"}],"wp:attachment":[{"href":"http:\/\/cds64.org\/WordPress3\/wp-json\/wp\/v2\/media?parent=287"}],"curies":[{"name":"wp","href":"https:\/\/api.w.org\/{rel}","templated":true}]}}