{"id":1960,"date":"2022-06-30T19:25:24","date_gmt":"2022-06-30T17:25:24","guid":{"rendered":"http:\/\/cds64.org\/WordPress3\/?page_id=1960"},"modified":"2022-09-19T19:14:30","modified_gmt":"2022-09-19T17:14:30","slug":"alienor-les-sites","status":"publish","type":"page","link":"http:\/\/cds64.org\/WordPress3\/alienor-les-sites\/","title":{"rendered":"ALI\u00c9NOR &#8211; LES SITES"},"content":{"rendered":"<h2 style=\"text-align: center;\">TABLEAU DES SITES \u0090\u00c0 VOTRE BON PLAISIR :<\/h2>\n<style>\ntable {<br \/>border-style: solid;<br \/>border-width: 3px;<br \/>border-color: #0094FF;<br \/>}<br \/>th {<br \/>border-style: solid;<br \/>border-width: 3px;<br \/>border-color: #0094FF;<br \/>}<br \/>td {<br \/>border-style: solid;<br \/>border-width: 3px;<br \/>border-color: #0094FF;<br \/>}<br \/><\/style>\n<table width=\"1157\">\n<tbody>\n<tr>\n<td width=\"94\">Commune<\/td>\n<td width=\"202\">Cavit\u00e9<\/td>\n<td width=\"210\">Variantes<\/td>\n<td width=\"88\">D\u00e9nivel\u00e9<\/td>\n<td width=\"314\">Commentaires<\/td>\n<td width=\"83\">Marche d&#8217;approche<\/td>\n<td width=\"83\">Temps trajet voiture<\/td>\n<td width=\"83\">Distance<\/td>\n<\/tr>\n<tr>\n<td><\/td>\n<td><\/td>\n<td><\/td>\n<td><\/td>\n<td><\/td>\n<td width=\"83\"><\/td>\n<td width=\"83\"><\/td>\n<td><\/td>\n<\/tr>\n<tr>\n<td rowspan=\"2\">Laruns<\/td>\n<td rowspan=\"2\">Grotte des Eaux-Chaudes<\/p>\n<p><a href=\"http:\/\/cds64.org\/WordPress3\/wp-content\/uploads\/2022\/09\/Eaux-Chaudes.pdf\" target=\"_blank\" rel=\"noopener\">Voir descriptif et topo<\/a><\/td>\n<td>Jusqu&#8217;au pied de la cascade Fajolle<\/td>\n<td>+ 150 m<\/td>\n<td width=\"314\">Cavit\u00e9 remontante. Grandes galeries. Rivi\u00e8re semi-active. Accessible \u00e0 tous.<\/td>\n<td rowspan=\"2\" width=\"83\">0h30<\/td>\n<td rowspan=\"2\" width=\"83\">1h00<\/td>\n<td rowspan=\"2\">50 km<\/td>\n<\/tr>\n<tr>\n<td>Jusqu&#8217;au 1er siphon<\/td>\n<td>+ 270 m<\/td>\n<td width=\"314\">Parcours sportif et aquatique. N\u00e9opr\u00e8ne indispensable.<\/td>\n<\/tr>\n<tr>\n<td><\/td>\n<td><\/td>\n<td><\/td>\n<td><\/td>\n<td><\/td>\n<td width=\"83\"><\/td>\n<td width=\"83\"><\/td>\n<td><\/td>\n<\/tr>\n<tr>\n<td rowspan=\"2\">Arudy<\/td>\n<td rowspan=\"2\">Gouffre Pilorge<\/p>\n<p><a href=\"http:\/\/cds64.org\/WordPress3\/wp-content\/uploads\/2022\/09\/Le-Pilorge.pdf\" target=\"_blank\" rel=\"noopener\">Voir descriptif et topo<\/a><\/td>\n<td width=\"210\">La petite travers\u00e9e<\/td>\n<td>-20<\/td>\n<td width=\"314\">Initiation sur corde19\/06\/2022<\/td>\n<td rowspan=\"2\" width=\"83\">0h15<\/td>\n<td rowspan=\"2\" width=\"83\">0h45<\/td>\n<td rowspan=\"2\">35 km<\/td>\n<\/tr>\n<tr>\n<td width=\"210\">Le r\u00e9seau est\/ouest<\/td>\n<td>-200<\/td>\n<td width=\"314\">Descente s\u00e9rie de petits puits. Puits de 40 m au fond. R\u00e9seau horizontal \u00e0 -200.<\/td>\n<\/tr>\n<tr>\n<td><\/td>\n<td><\/td>\n<td><\/td>\n<td><\/td>\n<td><\/td>\n<td width=\"83\"><\/td>\n<td width=\"83\"><\/td>\n<td><\/td>\n<\/tr>\n<tr>\n<td>Camou<\/td>\n<td>Gouffre de Bechanka ou Bexanka<\/p>\n<p><a href=\"http:\/\/cds64.org\/WordPress3\/wp-content\/uploads\/2022\/09\/Bexanka-Ali\u00e9nor_2022.pdf\" target=\"_blank\" rel=\"noopener\">Voir descriptif et topo<\/a><\/td>\n<td><\/td>\n<td>-120 m<\/td>\n<td width=\"314\">Puits d&#8217;entr\u00e9e de 53 m. Grandes salles concr\u00e9tionn\u00e9es.<\/td>\n<td width=\"83\">0h15<\/td>\n<td width=\"83\">0h30<\/td>\n<td>25 km<\/td>\n<\/tr>\n<tr>\n<td><\/td>\n<td><\/td>\n<td><\/td>\n<td><\/td>\n<td><\/td>\n<td width=\"83\"><\/td>\n<td width=\"83\"><\/td>\n<td><\/td>\n<\/tr>\n<tr>\n<td>Al\u00e7ay<\/td>\n<td>Grotte d&#8217;Azal\u00e9guy<\/p>\n<p><a href=\"http:\/\/cds64.org\/WordPress3\/wp-content\/uploads\/2022\/09\/Azalegui_Ali\u00e9nor-2022.pdf\" target=\"_blank\" rel=\"noopener\">Voir descriptif et topo<\/a><\/td>\n<td><\/td>\n<td>+ 140 m<\/td>\n<td width=\"314\">Cavit\u00e9 remontante. Grandes galeries.<\/td>\n<td width=\"83\">0h30<\/td>\n<td width=\"83\">0h45<\/td>\n<td>34 km<\/td>\n<\/tr>\n<tr>\n<td><\/td>\n<td><\/td>\n<td><\/td>\n<td><\/td>\n<td><\/td>\n<td width=\"83\"><\/td>\n<td width=\"83\"><\/td>\n<td><\/td>\n<\/tr>\n<tr>\n<td rowspan=\"3\">Aussurucq<\/td>\n<td rowspan=\"3\" width=\"202\">R\u00e9seau du N\u00e9b\u00e9l\u00e9, sortie en accompagnement obligatoire par le collectif.<\/p>\n<ul>\n<li>Elle se fera le samedi seulement. Rendez-vous \u00e0 la salle des F\u00eates d&#8217;Arette,<\/li>\n<li>d\u00e9part pr\u00e9vu \u00e0 8 heures.<\/li>\n<li>possibilit\u00e9 d&#8217;entr\u00e9e par le N\u00e9b\u00e9l\u00e9 pour aller voir le Scrouitch ou la grande faille (150m de puits) pour les sp\u00e9l\u00e9os moins aguerris mais parfaitement autonomes.<\/li>\n<li>travers\u00e9e \u00e0 partir du Neb3 avec sortie par le N\u00e9b\u00e9l\u00e9 (450m de puits et ressauts \u00e0 descente, 150m \u00e0 remonter), passages techniques et secteurs tr\u00e8s glissants.<\/li>\n<li>Retour pr\u00e9vu entre 18 et 20h selon le circuit choisi<\/li>\n<li>Cavit\u00e9 chaude, \u00e9vitez sous combi trop chaude<\/li>\n<\/ul>\n<\/td>\n<td width=\"210\">Le Scrouitch<\/td>\n<td width=\"88\"><\/td>\n<td width=\"314\">Pour tout sp\u00e9l\u00e9o autonome<\/td>\n<td rowspan=\"2\" width=\"83\">0h05<\/td>\n<td rowspan=\"2\" width=\"83\">0h40<\/td>\n<td rowspan=\"2\">31 km<\/td>\n<\/tr>\n<tr>\n<td width=\"210\">Grande faille et siphons<\/td>\n<td width=\"88\"><\/td>\n<td width=\"314\">Un peu plus sportif<\/td>\n<\/tr>\n<tr>\n<td width=\"210\">Travers\u00e9e Neb3 &#8211; Neb1<\/td>\n<td width=\"88\"><\/td>\n<td width=\"314\">Encore plus sportif, mais superbe !<\/td>\n<td width=\"83\">0h30<\/td>\n<td width=\"83\">0h45<\/td>\n<td>34 km<\/td>\n<\/tr>\n<tr>\n<td><\/td>\n<\/tr>\n<tr>\n<td>Aussurucq<\/td>\n<td>Travers\u00e9e de la petite Bidouze<\/p>\n<p><a href=\"http:\/\/cds64.org\/WordPress3\/wp-content\/uploads\/2022\/09\/La-petite-bidouze.pdf\" target=\"_blank\" rel=\"noopener\">Voir descriptif et topo<\/a><\/td>\n<td><\/td>\n<td>&#8211; 75 m<\/td>\n<td width=\"314\">Joli &#8220;canyon souterrain&#8221;. Accessible \u00e0 tous.<br \/>\nN\u00e9opr\u00e8ne l\u00e9g\u00e8re conseill\u00e9e.<\/td>\n<td width=\"83\">0h15<\/td>\n<td width=\"83\">1h00<\/td>\n<td>36 km<\/td>\n<\/tr>\n<tr>\n<td><\/td>\n<td><\/td>\n<td><\/td>\n<td><\/td>\n<td><\/td>\n<td width=\"83\"><\/td>\n<td width=\"83\"><\/td>\n<td><\/td>\n<\/tr>\n<tr>\n<td>Arette<\/td>\n<td>Gouffres des Bourrugues (B3)<\/p>\n<p><a href=\"http:\/\/cds64.org\/WordPress3\/wp-content\/uploads\/2022\/09\/B3-Ali\u00e9nor.pdf\" target=\"_blank\" rel=\"noopener\">Voir descriptif et topo<\/a><\/td>\n<td><\/td>\n<td>&#8211; 300 m<\/td>\n<td width=\"314\">270 m de puits et environ 1 km de galeries.<\/td>\n<td width=\"83\">0h15<\/td>\n<td width=\"83\">0h30<\/td>\n<td>25 km<\/td>\n<\/tr>\n<tr>\n<td><\/td>\n<td><\/td>\n<td><\/td>\n<td><\/td>\n<td><\/td>\n<td width=\"83\"><\/td>\n<td width=\"83\"><\/td>\n<td><\/td>\n<\/tr>\n<tr>\n<td rowspan=\"3\">Sainte-Engr\u00e2ce<\/td>\n<td rowspan=\"3\">La Verna &#8211; PSM<\/p>\n<p>Descriptifs et topo ci-contre<\/td>\n<td><a href=\"http:\/\/cds64.org\/WordPress3\/wp-content\/uploads\/2022\/09\/Aranzadi_Ali\u00e9nor-2022.pdf\" target=\"_blank\" rel=\"noopener\">Galerie Aranzadi<\/a><\/td>\n<td>&#8211; 80 \/ + 100 m<\/td>\n<td width=\"314\">Escalade facile dans la paroi de la salle de la Verna. Belle galerie concr\u00e9tionn\u00e9e avec de magnifiques remplissages.<\/td>\n<td rowspan=\"3\" width=\"83\">0h20 \u00e0 0h40 selon lieu de stationnement (col ou virage)<\/td>\n<td rowspan=\"3\" width=\"83\">0h50<\/td>\n<td rowspan=\"3\">38 km<\/td>\n<\/tr>\n<tr>\n<td><a href=\"http:\/\/cds64.org\/WordPress3\/wp-content\/uploads\/2022\/09\/R\u00e9seau-de-la-Pierre-Saint-Martin_Grandes-salles_Ali\u00e9nor-2022.pdf\" target=\"_blank\" rel=\"noopener\">Grandes salles<\/a><\/td>\n<td>Variable<\/td>\n<td width=\"314\">Remont\u00e9e de la rivi\u00e8re. Chaos de blocs. La longueur de la course peut \u00eatre adapt\u00e9e au niveau des participants.<\/td>\n<\/tr>\n<tr>\n<td><a href=\"http:\/\/cds64.org\/WordPress3\/wp-content\/uploads\/2022\/09\/Grotte-ARPHIDIA_Salle_Accoce_Ali\u00e9nor-2022.pdf\" target=\"_blank\" rel=\"noopener\">Arphidia &#8211; Salle Accoce<\/a><\/td>\n<td>&#8211; 40 m<\/td>\n<td width=\"314\">M\u00e9andre et puits \u00e9quip\u00e9s jusqu&#8217;\u00e0 la salle Accoce. Deux petitsrappels, une vire assez a\u00e9rienne. Remont\u00e9e en technique &#8220;via ferrata&#8221;.<br \/>\nSortie technique, mais courte. Peut compl\u00e9ter une visite des grandes salles.<\/td>\n<\/tr>\n<\/tbody>\n<\/table>\n","protected":false},"excerpt":{"rendered":"<p>TABLEAU DES SITES \u0090\u00c0 VOTRE BON PLAISIR : Commune Cavit\u00e9 Variantes D\u00e9nivel\u00e9 Commentaires Marche d&#8217;approche Temps trajet voiture Distance Laruns \u2026 <a class=\"continue-reading-link\" href=\"http:\/\/cds64.org\/WordPress3\/alienor-les-sites\/\">Lire la suite <span class=\"meta-nav\">&rarr; <\/span><\/a><\/p>\n","protected":false},"author":2,"featured_media":0,"parent":0,"menu_order":0,"comment_status":"closed","ping_status":"closed","template":"templates\/template-onecolumn.php","meta":{"footnotes":""},"class_list":["post-1960","page","type-page","status-publish","hentry"],"_links":{"self":[{"href":"http:\/\/cds64.org\/WordPress3\/wp-json\/wp\/v2\/pages\/1960","targetHints":{"allow":["GET"]}}],"collection":[{"href":"http:\/\/cds64.org\/WordPress3\/wp-json\/wp\/v2\/pages"}],"about":[{"href":"http:\/\/cds64.org\/WordPress3\/wp-json\/wp\/v2\/types\/page"}],"author":[{"embeddable":true,"href":"http:\/\/cds64.org\/WordPress3\/wp-json\/wp\/v2\/users\/2"}],"replies":[{"embeddable":true,"href":"http:\/\/cds64.org\/WordPress3\/wp-json\/wp\/v2\/comments?post=1960"}],"version-history":[{"count":17,"href":"http:\/\/cds64.org\/WordPress3\/wp-json\/wp\/v2\/pages\/1960\/revisions"}],"predecessor-version":[{"id":2064,"href":"http:\/\/cds64.org\/WordPress3\/wp-json\/wp\/v2\/pages\/1960\/revisions\/2064"}],"wp:attachment":[{"href":"http:\/\/cds64.org\/WordPress3\/wp-json\/wp\/v2\/media?parent=1960"}],"curies":[{"name":"wp","href":"https:\/\/api.w.org\/{rel}","templated":true}]}}