{"id":166,"date":"2014-03-21T14:31:59","date_gmt":"2014-03-21T13:31:59","guid":{"rendered":"http:\/\/cds64.org\/WordPress3\/?page_id=166"},"modified":"2019-06-19T16:36:25","modified_gmt":"2019-06-19T14:36:25","slug":"asct-section-canyon","status":"publish","type":"page","link":"http:\/\/cds64.org\/WordPress3\/les-clubs-du-departement\/asct-section-canyon\/","title":{"rendered":"Association Sportive et Culturelle Turbomeca"},"content":{"rendered":"<h1>Section Canyon<\/h1>\n<p><img loading=\"lazy\" decoding=\"async\" class=\"alignright size-full wp-image-241\" style=\"line-height: 18px;\" src=\"http:\/\/cds64.org\/WordPress3\/wp-content\/uploads\/2014\/03\/LogoASCT.jpg\" alt=\"LogoASCT\" width=\"200\" height=\"65\" srcset=\"http:\/\/cds64.org\/WordPress3\/wp-content\/uploads\/2014\/03\/LogoASCT.jpg 200w, http:\/\/cds64.org\/WordPress3\/wp-content\/uploads\/2014\/03\/LogoASCT-150x48.jpg 150w\" sizes=\"auto, (max-width: 200px) 100vw, 200px\" \/><\/p>\n<p>Pr\u00e9sident : Yohan TOQUE<\/p>\n<p>T\u00e9l\u00e9phone :<\/p>\n<p>E-mail :<\/p>\n","protected":false},"excerpt":{"rendered":"<p>Section Canyon Pr\u00e9sident : Yohan TOQUE T\u00e9l\u00e9phone : E-mail :<\/p>\n","protected":false},"author":1,"featured_media":0,"parent":162,"menu_order":2,"comment_status":"closed","ping_status":"open","template":"","meta":{"footnotes":""},"class_list":["post-166","page","type-page","status-publish","hentry"],"_links":{"self":[{"href":"http:\/\/cds64.org\/WordPress3\/wp-json\/wp\/v2\/pages\/166","targetHints":{"allow":["GET"]}}],"collection":[{"href":"http:\/\/cds64.org\/WordPress3\/wp-json\/wp\/v2\/pages"}],"about":[{"href":"http:\/\/cds64.org\/WordPress3\/wp-json\/wp\/v2\/types\/page"}],"author":[{"embeddable":true,"href":"http:\/\/cds64.org\/WordPress3\/wp-json\/wp\/v2\/users\/1"}],"replies":[{"embeddable":true,"href":"http:\/\/cds64.org\/WordPress3\/wp-json\/wp\/v2\/comments?post=166"}],"version-history":[{"count":9,"href":"http:\/\/cds64.org\/WordPress3\/wp-json\/wp\/v2\/pages\/166\/revisions"}],"predecessor-version":[{"id":1602,"href":"http:\/\/cds64.org\/WordPress3\/wp-json\/wp\/v2\/pages\/166\/revisions\/1602"}],"up":[{"embeddable":true,"href":"http:\/\/cds64.org\/WordPress3\/wp-json\/wp\/v2\/pages\/162"}],"wp:attachment":[{"href":"http:\/\/cds64.org\/WordPress3\/wp-json\/wp\/v2\/media?parent=166"}],"curies":[{"name":"wp","href":"https:\/\/api.w.org\/{rel}","templated":true}]}}