{"id":117,"date":"2014-03-20T16:05:09","date_gmt":"2014-03-20T15:05:09","guid":{"rendered":"http:\/\/cds64.org\/WordPress3\/?page_id=117"},"modified":"2017-07-02T19:41:49","modified_gmt":"2017-07-02T17:41:49","slug":"sites-speleos","status":"publish","type":"page","link":"http:\/\/cds64.org\/WordPress3\/sites-de-pratique\/sites-speleos\/","title":{"rendered":"Base de donn\u00e9es KARSTEAU"},"content":{"rendered":"<p>Permettre \u00e0 tous les sp\u00e9l\u00e9ologues f\u00e9d\u00e9r\u00e9s d&#8217;acc\u00e9der \u00e0 la base de donn\u00e9es des cavit\u00e9s des d\u00e9partements adh\u00e9rents.<br \/>\nCette base est g\u00e9r\u00e9e par la R\u00e9gion Sp\u00e9l\u00e9o Nouvelle Aquitaine, mais elle est aliment\u00e9e par les donn\u00e9es issues des recherches et publications des sp\u00e9l\u00e9os b\u00e9n\u00e9voles qui explorent le terrain. \u00c0 vous d&#8217;enrichir cette base que vous consultez&#8230;<\/p>\n<p><a href=\"http:\/\/www.karsteau.org\" target=\"_blank\" rel=\"noopener noreferrer\"><img loading=\"lazy\" decoding=\"async\" class=\"alignnone wp-image-1135 size-full\" src=\"http:\/\/cds64.org\/WordPress3\/wp-content\/uploads\/2014\/03\/karsteau_2017.png\" alt=\"\" width=\"888\" height=\"680\" srcset=\"http:\/\/cds64.org\/WordPress3\/wp-content\/uploads\/2014\/03\/karsteau_2017.png 888w, http:\/\/cds64.org\/WordPress3\/wp-content\/uploads\/2014\/03\/karsteau_2017-600x459.png 600w, http:\/\/cds64.org\/WordPress3\/wp-content\/uploads\/2014\/03\/karsteau_2017-300x230.png 300w, http:\/\/cds64.org\/WordPress3\/wp-content\/uploads\/2014\/03\/karsteau_2017-768x588.png 768w, http:\/\/cds64.org\/WordPress3\/wp-content\/uploads\/2014\/03\/karsteau_2017-196x150.png 196w, http:\/\/cds64.org\/WordPress3\/wp-content\/uploads\/2014\/03\/karsteau_2017-150x115.png 150w\" sizes=\"auto, (max-width: 888px) 100vw, 888px\" \/><\/a><\/p>\n<h2 style=\"text-align: center;\"><a href=\"http:\/\/www.karsteau.org\" target=\"_blank\" rel=\"noopener noreferrer\">www. karsteau.org<\/a><\/h2>\n<p>&nbsp;<\/p>\n","protected":false},"excerpt":{"rendered":"<p>Permettre \u00e0 tous les sp\u00e9l\u00e9ologues f\u00e9d\u00e9r\u00e9s d&#8217;acc\u00e9der \u00e0 la base de donn\u00e9es des cavit\u00e9s des d\u00e9partements adh\u00e9rents. Cette base est \u2026 <a class=\"continue-reading-link\" href=\"http:\/\/cds64.org\/WordPress3\/sites-de-pratique\/sites-speleos\/\">Lire la suite <span class=\"meta-nav\">&rarr; <\/span><\/a><\/p>\n","protected":false},"author":1,"featured_media":0,"parent":115,"menu_order":1,"comment_status":"closed","ping_status":"open","template":"","meta":{"footnotes":""},"class_list":["post-117","page","type-page","status-publish","hentry"],"_links":{"self":[{"href":"http:\/\/cds64.org\/WordPress3\/wp-json\/wp\/v2\/pages\/117","targetHints":{"allow":["GET"]}}],"collection":[{"href":"http:\/\/cds64.org\/WordPress3\/wp-json\/wp\/v2\/pages"}],"about":[{"href":"http:\/\/cds64.org\/WordPress3\/wp-json\/wp\/v2\/types\/page"}],"author":[{"embeddable":true,"href":"http:\/\/cds64.org\/WordPress3\/wp-json\/wp\/v2\/users\/1"}],"replies":[{"embeddable":true,"href":"http:\/\/cds64.org\/WordPress3\/wp-json\/wp\/v2\/comments?post=117"}],"version-history":[{"count":13,"href":"http:\/\/cds64.org\/WordPress3\/wp-json\/wp\/v2\/pages\/117\/revisions"}],"predecessor-version":[{"id":1139,"href":"http:\/\/cds64.org\/WordPress3\/wp-json\/wp\/v2\/pages\/117\/revisions\/1139"}],"up":[{"embeddable":true,"href":"http:\/\/cds64.org\/WordPress3\/wp-json\/wp\/v2\/pages\/115"}],"wp:attachment":[{"href":"http:\/\/cds64.org\/WordPress3\/wp-json\/wp\/v2\/media?parent=117"}],"curies":[{"name":"wp","href":"https:\/\/api.w.org\/{rel}","templated":true}]}}